{"id":502,"date":"2025-10-23T18:28:51","date_gmt":"2025-10-23T21:28:51","guid":{"rendered":"https:\/\/insighttravel.com.ar\/?post_type=product&#038;p=502"},"modified":"2026-02-09T10:44:04","modified_gmt":"2026-02-09T13:44:04","slug":"safari-azul-descobrindo-a-geleira-perito-moreno-de-perto","status":"publish","type":"product","link":"https:\/\/insighttravel.com.ar\/pt\/producto\/safari-azul-descubri-el-glaciar-perito-moreno-desde-cerca\/","title":{"rendered":"Blue Safari - Glaciar Perito Moreno"},"content":{"rendered":"<h3 style=\"text-align: center;\"><strong>Conhe\u00e7a de perto o Glaciar Perito Moreno com o Saf\u00e1ri Azul<\/strong><\/h3>\n<p style=\"text-align: center;\"><span style=\"font-weight: 400;\">Viva a experi\u00eancia de se aproximar do majestoso Glaciar Perito Moreno combinando navega\u00e7\u00e3o e caminhada ao longo da margem do lago. Toque o gelo milenar e capture mem\u00f3rias \u00fanicas cercadas pela natureza patag\u00f4nica.<\/span><\/p>\n<h4 style=\"text-align: center;\"><\/h4>\n<p>&nbsp;<\/p>\n<p><b>Itiner\u00e1rio detalhado<\/b><span style=\"font-weight: 400;\">. Os hor\u00e1rios indicados est\u00e3o sujeitos a altera\u00e7\u00f5es e varia\u00e7\u00f5es.<\/span><\/p>\n<p><b>09:00 hs: Recep\u00e7\u00e3o em sua acomoda\u00e7\u00e3o.<\/b><span style=\"font-weight: 400;\"> Traslado de El Calafate para Puerto Bajo de las Sombras (70 km).<\/span><\/p>\n<p><b>11h30: Visita \u00e0s passarelas.<\/b><\/p>\n<p><b>13:45 hs: embarque e navega\u00e7\u00e3o no Lago Rico. <\/b><span style=\"font-weight: 400;\">Voc\u00ea cruzar\u00e1 o lago por aproximadamente 20 minutos em frente \u00e0 imponente face sul da geleira.<\/span><\/p>\n<p><b>| Caminhada guiada at\u00e9 a geleira.<\/b><span style=\"font-weight: 400;\"> Juntamente com guias especializados, voc\u00ea far\u00e1 uma caminhada de 30 minutos ao longo da costa e pela floresta at\u00e9 a geleira Perito Moreno.<\/span><\/p>\n<p><b>| Experi\u00eancia no Glaciar.<\/b><span style=\"font-weight: 400;\"> \u00c9 hora de tocar o gelo, tirar fotos e apreciar a paisagem \u00fanica.<\/span><\/p>\n<p><b>| Retorno ao longo da costa e pela floresta.<\/b><span style=\"font-weight: 400;\"> Fim da caminhada ao longo da margem do lago e da exuberante floresta andina patag\u00f4nica.<\/span><\/p>\n<p><b>16:00 hs: Retorno de barco. <\/b><span style=\"font-weight: 400;\">Retorno a Puerto Bajo de las Sombras e traslado a El Calafate.<\/span><\/p>\n<p><b>17:30 hs: Chegada em El Calafate.\u00a0<\/b><\/p>\n<h4 style=\"text-align: center;\"><\/h4>\n<p>&nbsp;<\/p>\n<p><span style=\"font-weight: 400;\">\u2705 <strong>Inclui<\/strong><\/span><\/p>\n<ul>\n<li style=\"font-weight: 400;\" aria-level=\"1\"><span style=\"font-weight: 400;\">Traslado de ida e volta para sua acomoda\u00e7\u00e3o em El Calafate (hot\u00e9is ou albergues, n\u00e3o h\u00e1 pick up para acomoda\u00e7\u00f5es particulares).\u00a0<\/span><\/li>\n<li style=\"font-weight: 400;\" aria-level=\"1\"><span style=\"font-weight: 400;\">Guia profissional bil\u00edngue (espanhol\/ingl\u00eas).<\/span><\/li>\n<\/ul>\n<h4 style=\"text-align: center;\"><\/h4>\n<p><span style=\"font-weight: 400;\">\u274c <\/span><b>N\u00e3o inclui<\/b><\/p>\n<ul>\n<li style=\"font-weight: 400;\" aria-level=\"1\"><span style=\"font-weight: 400;\">Entrada para o Parque Nacional Los Glaciares (obrigat\u00f3ria).<\/span><\/li>\n<li style=\"font-weight: 400;\" aria-level=\"1\"><span style=\"font-weight: 400;\">Alimentos e bebidas.\u00a0<\/span><\/li>\n<li style=\"font-weight: 400;\" aria-level=\"1\"><span style=\"font-weight: 400;\">Outros consumos fora do programa.<\/span><\/li>\n<\/ul>\n<h4 style=\"text-align: center;\"><\/h4>\n<p>&nbsp;<\/p>\n<p><span style=\"font-weight: 400;\">\u26a0 <\/span><b>Informa\u00e7\u00f5es importantes<\/b><\/p>\n<ul>\n<li style=\"font-weight: 400;\" aria-level=\"1\"><b>A atividade tem restri\u00e7\u00f5es de idade e sa\u00fade. Leia-as cuidadosamente ao fazer o login <a href=\"https:\/\/insighttravel.com.ar\/wp-content\/uploads\/2025\/09\/Restricciones-Restrictions-Safari-Azul_compressed-1.pdf\" target=\"_blank\" rel=\"noopener\">aqui<\/a>.<\/b><b>\u00a0<\/b><b>Se o guia determinar que uma pessoa n\u00e3o est\u00e1 qualificada para a atividade devido a condi\u00e7\u00f5es f\u00edsicas ou de vestu\u00e1rio, n\u00e3o ser\u00e3o aceitas reclama\u00e7\u00f5es ou solicita\u00e7\u00f5es de reembolso.<\/b><\/li>\n<li style=\"font-weight: 400;\" aria-level=\"1\"><b>Pol\u00edticas de cancelamento e modifica\u00e7\u00e3o:<\/b><span style=\"font-weight: 400;\"> leia-os atentamente ao fazer o login <\/span><strong><a href=\"https:\/\/insighttravel.com.ar\/wp-content\/uploads\/2025\/09\/Politicas-de-Cancelacion-y-Modificacion-Cancelation-and-Modification-Policies_compressed-1.pdf\" target=\"_blank\" rel=\"noopener\">aqui.<\/a><\/strong><\/li>\n<li style=\"font-weight: 400;\" aria-level=\"1\"><span style=\"font-weight: 400;\">Use roupas quentes em camadas, luvas, chap\u00e9u, protetor solar e cal\u00e7ados antiderrapantes para trekking.<\/span><\/li>\n<li style=\"font-weight: 400;\" aria-level=\"1\"><span style=\"font-weight: 400;\">Consulte-nos para saber os hor\u00e1rios exatos de partida e as tarifas atualizadas.<\/span><\/li>\n<li style=\"font-weight: 400;\" aria-level=\"1\"><span style=\"font-weight: 400;\">O valor expresso corresponde \u00e0 excurs\u00e3o com traslado inclu\u00eddo no servi\u00e7o regular. Se desejar um traslado particular, entre em contato conosco para obter uma cota\u00e7\u00e3o.<\/span><\/li>\n<\/ul>\n<h4 style=\"text-align: center;\"><\/h4>\n<p>&nbsp;<\/p>\n<p><b>Termos e meios de pagamento<\/b><\/p>\n<p><span style=\"font-weight: 400;\">Todas as reservas devem ser pagas por transfer\u00eancia banc\u00e1ria, dep\u00f3sito banc\u00e1rio, cart\u00e3o de cr\u00e9dito ou d\u00e9bito. Os pagamentos com cart\u00e3o de cr\u00e9dito e d\u00e9bito incorrer\u00e3o em uma sobretaxa de 7%. <\/span><span style=\"font-weight: 400;\">Somente a reserva \u00e9 feita com o 100% do pagamento.<\/span><\/p>","protected":false},"excerpt":{"rendered":"<p><span style=\"font-weight: 400;\">Experimente uma conex\u00e3o \u00fanica com esse ambiente espetacular.<\/span><\/p>","protected":false},"featured_media":4909,"comment_status":"open","ping_status":"closed","template":"","meta":[],"product_brand":[],"product_cat":[23],"product_tag":[],"destinos":[41],"tipo-de-actividad":[97,94],"temporadas":[48],"class_list":{"0":"post-502","1":"product","2":"type-product","3":"status-publish","4":"has-post-thumbnail","6":"product_cat-sin-categorizar","7":"destinos-el-calafate","8":"tipo-de-actividad-glaciar-perito-moreno","9":"tipo-de-actividad-aventura-trekking","10":"temporadas-todo-el-ano","12":"first","13":"instock","14":"virtual","15":"sold-individually","16":"purchasable","17":"product-type-booking"},"booking_location":"","booking_location_type":"","booking_duration":1,"booking_duration_unit":"day","booking_buffer":0,"booking_cost":0,"booking_resources":[],"_links":{"self":[{"href":"https:\/\/insighttravel.com.ar\/pt\/wp-json\/wp\/v2\/product\/502","targetHints":{"allow":["GET"]}}],"collection":[{"href":"https:\/\/insighttravel.com.ar\/pt\/wp-json\/wp\/v2\/product"}],"about":[{"href":"https:\/\/insighttravel.com.ar\/pt\/wp-json\/wp\/v2\/types\/product"}],"replies":[{"embeddable":true,"href":"https:\/\/insighttravel.com.ar\/pt\/wp-json\/wp\/v2\/comments?post=502"}],"wp:featuredmedia":[{"embeddable":true,"href":"https:\/\/insighttravel.com.ar\/pt\/wp-json\/wp\/v2\/media\/4909"}],"wp:attachment":[{"href":"https:\/\/insighttravel.com.ar\/pt\/wp-json\/wp\/v2\/media?parent=502"}],"wp:term":[{"taxonomy":"product_brand","embeddable":true,"href":"https:\/\/insighttravel.com.ar\/pt\/wp-json\/wp\/v2\/product_brand?post=502"},{"taxonomy":"product_cat","embeddable":true,"href":"https:\/\/insighttravel.com.ar\/pt\/wp-json\/wp\/v2\/product_cat?post=502"},{"taxonomy":"product_tag","embeddable":true,"href":"https:\/\/insighttravel.com.ar\/pt\/wp-json\/wp\/v2\/product_tag?post=502"},{"taxonomy":"destinos","embeddable":true,"href":"https:\/\/insighttravel.com.ar\/pt\/wp-json\/wp\/v2\/destinos?post=502"},{"taxonomy":"tipo-de-actividad","embeddable":true,"href":"https:\/\/insighttravel.com.ar\/pt\/wp-json\/wp\/v2\/tipo-de-actividad?post=502"},{"taxonomy":"temporadas","embeddable":true,"href":"https:\/\/insighttravel.com.ar\/pt\/wp-json\/wp\/v2\/temporadas?post=502"}],"curies":[{"name":"wp","href":"https:\/\/api.w.org\/{rel}","templated":true}]}}

<h3 style="text-align: center;"><strong>Conheça de perto o Glaciar Perito Moreno com o Safári Azul</strong></h3>
<p style="text-align: center;"><span style="font-weight: 400;">Viva a experiência de se aproximar do majestoso Glaciar Perito Moreno combinando navegação e caminhada ao longo da margem do lago. Toque o gelo milenar e capture memórias únicas cercadas pela natureza patagônica.</span></p>
<h4 style="text-align: center;"></h4>
<p>&nbsp;</p>
<p><b>Itinerário detalhado</b><span style="font-weight: 400;">. Os horários indicados estão sujeitos a alterações e variações.</span></p>
<p><b>09:00 hs: Recepção em sua acomodação.</b><span style="font-weight: 400;"> Traslado de El Calafate para Puerto Bajo de las Sombras (70 km).</span></p>
<p><b>11h30: Visita às passarelas.</b></p>
<p><b>13:45 hs: embarque e navegação no Lago Rico. </b><span style="font-weight: 400;">Você cruzará o lago por aproximadamente 20 minutos em frente à imponente face sul da geleira.</span></p>
<p><b>| Caminhada guiada até a geleira.</b><span style="font-weight: 400;"> Juntamente com guias especializados, você fará uma caminhada de 30 minutos ao longo da costa e pela floresta até a geleira Perito Moreno.</span></p>
<p><b>| Experiência no Glaciar.</b><span style="font-weight: 400;"> É hora de tocar o gelo, tirar fotos e apreciar a paisagem única.</span></p>
<p><b>| Retorno ao longo da costa e pela floresta.</b><span style="font-weight: 400;"> Fim da caminhada ao longo da margem do lago e da exuberante floresta andina patagônica.</span></p>
<p><b>16:00 hs: Retorno de barco. </b><span style="font-weight: 400;">Retorno a Puerto Bajo de las Sombras e traslado a El Calafate.</span></p>
<p><b>17:30 hs: Chegada em El Calafate. </b></p>
<h4 style="text-align: center;"></h4>
<p>&nbsp;</p>
<p><span style="font-weight: 400;">✅ <strong>Inclui</strong></span></p>
<ul>
<li style="font-weight: 400;" aria-level="1"><span style="font-weight: 400;">Traslado de ida e volta para sua acomodação em El Calafate (hotéis ou albergues, não há pick up para acomodações particulares). </span></li>
<li style="font-weight: 400;" aria-level="1"><span style="font-weight: 400;">Guia profissional bilíngue (espanhol/inglês).</span></li>
</ul>
<h4 style="text-align: center;"></h4>
<p><span style="font-weight: 400;">❌ </span><b>Não inclui</b></p>
<ul>
<li style="font-weight: 400;" aria-level="1"><span style="font-weight: 400;">Entrada para o Parque Nacional Los Glaciares (obrigatória).</span></li>
<li style="font-weight: 400;" aria-level="1"><span style="font-weight: 400;">Alimentos e bebidas. </span></li>
<li style="font-weight: 400;" aria-level="1"><span style="font-weight: 400;">Outros consumos fora do programa.</span></li>
</ul>
<h4 style="text-align: center;"></h4>
<p>&nbsp;</p>
<p><span style="font-weight: 400;">⚠ </span><b>Informações importantes</b></p>
<ul>
<li style="font-weight: 400;" aria-level="1"><b>A atividade tem restrições de idade e saúde. Leia-as cuidadosamente ao fazer o login <a href="https://insighttravel.com.ar/wp-content/uploads/2025/09/Restricciones-Restrictions-Safari-Azul_compressed-1.pdf" target="_blank" rel="noopener">aqui</a>.</b><b> </b><b>Se o guia determinar que uma pessoa não está qualificada para a atividade devido a condições físicas ou de vestuário, não serão aceitas reclamações ou solicitações de reembolso.</b></li>
<li style="font-weight: 400;" aria-level="1"><b>Políticas de cancelamento e modificação:</b><span style="font-weight: 400;"> leia-os atentamente ao fazer o login </span><strong><a href="https://insighttravel.com.ar/wp-content/uploads/2025/09/Politicas-de-Cancelacion-y-Modificacion-Cancelation-and-Modification-Policies_compressed-1.pdf" target="_blank" rel="noopener">aqui.</a></strong></li>
<li style="font-weight: 400;" aria-level="1"><span style="font-weight: 400;">Use roupas quentes em camadas, luvas, chapéu, protetor solar e calçados antiderrapantes para trekking.</span></li>
<li style="font-weight: 400;" aria-level="1"><span style="font-weight: 400;">Consulte-nos para saber os horários exatos de partida e as tarifas atualizadas.</span></li>
<li style="font-weight: 400;" aria-level="1"><span style="font-weight: 400;">O valor expresso corresponde à excursão com traslado incluído no serviço regular. Se desejar um traslado particular, entre em contato conosco para obter uma cotação.</span></li>
</ul>
<h4 style="text-align: center;"></h4>
<p>&nbsp;</p>
<p><b>Termos e meios de pagamento</b></p>
<p><span style="font-weight: 400;">Todas as reservas devem ser pagas por transferência bancária, depósito bancário, cartão de crédito ou débito. Os pagamentos com cartão de crédito e débito incorrerão em uma sobretaxa de 7%. </span><span style="font-weight: 400;">Somente a reserva é feita com o 100% do pagamento.</span></p>

<p><span style="font-weight: 400;">Experimente uma conexão única com esse ambiente espetacular.</span></p>
